-27.
-44
What is -3 - -58 - (3 - (-7 - -12 - (-3 - 7)))?
67
Evaluate 14 - 13 - (8 - 29) - 89.
-67
Calculate (5 - -5 - 23) + 3 + (0 - 8).
-18
Calculate 47 + -52 + 39 + -57.
-23
-65 + (-29 - -80) + -10
-24
Calculate 0 + -2 - ((-27 + 7 + 41 - 37) + 13).
1
Evaluate 17 - 4 - (-77 + 1 - 31).
120
What is the value of -8 - 1 - (49 + (99 - 76))?
-81
Evaluate (-8 + 12 - 18) + 2 - 31.
-43
What is the value of -56 - (-15 - (33 - 21 - 34))?
-63
What is the value of -7 + (6 - (5 + 7)) + 2 + 50?
39
Evaluate -6 + 117 + ((-6 + 4 - -15) + -5 - 10).
109
Calculate -17 + 29 + -39 + (-65 - -5).
-87
-19 + (-15 - (-81 - -59))
-12
What is (141 - 113) + -97 + (3 - 7)?
-73
Evaluate -2 + 17 + -113 + 60 + (-10 - 1 - -4).
-45
Calculate -98 - ((21 - 30 - (-16 - -6)) + -3).
-96
What is the value of -22 + (79 - (-57 - -19))?
95
Calculate (5 + -3 - (6 - 1)) + 8 + 5 + -121.
-111
What is 29 + 52 - 84 - (-28 + 0)?
25
1 + 11 - (-25 + -5 + 35 + 3 + 1)
3
What is the value of -2 + (11 - (48 + -44))?
5
8 + 8879 + -8872 + -1 + (-1 - 24)
-11
What is -34 + (3 - -2 - (-96 - -104))?
-37
-42 - (-154 - (15 - 244))
-117
-75 + 62 - 39 - -39
-13
What is (-21 + 3 - 85) + 180?
77
What is the value of -45 + (-23 - -17) + (-3 - (-6 + 4 - -3))?
-55
Evaluate 80 + -67 + -47 + 31.
-3
What is ((-7 - 3) + 11 - 9) + 5 - -11 - -52?
60
What is the value of (-11 - 8) + 15 + 16 + -47?
-35
-66 + -8 + 8 - 15
-81
Evaluate -69 - ((0 - 1) + 0) - (-188 - (-80 + -121)).
-81
Calculate 22 + (-40 - -15 - -63).
60
Evaluate 2 - -10 - (-7 + (91 - 21 - 30)).
-21
Evaluate (6 - 46) + -119 + 131.
-28
Evaluate 23 + -64 + -5 + (-13 - -36).
-23
5 + (1 - (0 - (2 - 9)) - (89 - 8))
-82
Calculate (4 + -8 - 17) + -390 + 372.
-39
What is the value of 23 + -55 + 21 + -12 + 8 + -95?
-110
Calculate -6 - ((1 - -7) + -10) - (-48 - -25).
19
(1 - (-4 - -4 - 30)) + (0 - -4)
35
What is (-6 - (-4 + (4 - 0) - 4)) + -8?
-10
-11 + (-60 - -1) - (15 + 2)
-87
What is 0 - (28 + -34) - (3 - (5 + -36))?
-28
Calculate 13 - (-219 - -235 - (11 + -1)) - 79.
-72
Evaluate -51 - (-9 - (7 - -12 - 25 - -13)).
-35
What is 13 + 0 + (2 - 3) + 30 + (-3 - -17)?
56
-12 + -21 + (28 - 21)
-26
What is the value of (38 - (56 - 47)) + 37 + -19?
47
(7 - -2 - (-17 + -9 + 26)) + (1 - -4)
14
Evaluate (162 - 81) + -139 + 19.
-39
What is the value of 23 + (81 - (55 - -10))?
39
Evaluate (31 - (8 - 4)) + (2 - 2 - 7) + -5.
15
(-2 - -6) + (-2 - 10 - (-92 - -95)) + 48
37
What is 19 + (7 - 10) - (8 + (28 - 6))?
-14
Evaluate 781 + -787 + (-1 - (0 + -3)).
-4
Calculate 12 + (-70 - -65) - -89.
96
Evaluate 2 - (7 + 26 + 12 + -13 + -5).
-25
-9 + -30 + 9 + (13 - -7)
-10
Evaluate -91 + 15 + 14 + -39 + 34.
-67
What is -34 + (-571 - -741 - (35 - 1))?
102
What is (-44 + (5 - 1) - (6 + 2)) + 0 + 5?
-43
Evaluate (8 - -1) + (59 + -14 - (33 - 19 - 16)).
56
Evaluate (51 - (43 + -26)) + -7.
27
94 + (-40 + 39 + -2 + -15 - -22)
98
Calculate 63 + (13 + 2 - (453 + -429)).
54
Evaluate 11007 - 11115 - (-1 - 115).
8
Calculate -4 + ((1 - 4) + 355 + -212 - 9) + -12.
115
15 + (1 + 5 - (12 + 24 - -20))
-35
(38 - 2) + (-1775 - -1708)
-31
What is (11 + 8 - (-7 - -11)) + -53?
-38
What is 99 + -154 + 40 + -2?
-17
What is 14 + 63 + -9 + -99?
-31
What is the value of (-253 - (-213 - -84)) + 76?
-48
What is (-4 - -7 - -9) + 9 + (11 - 4 - -20)?
48
What is -35 + 9 + 22 + 8 - (49 + 1 + 0)?
-46
Calculate (11 - (4 - -6)) + 249 + -237.
13
What is the value of 3656 - 3763 - (5 - (48 + -2))?
-66
What is (-31 - -43) + (-4 - (11 + 10 + -20))?
7
-7 - 1 - (19 + -64)
37
1 + -7 + (5 + 18 - 27)
-10
Evaluate -43 - -132 - (-19 - -74).
34
What is the value of -10 + -14 + (27 - 15) - -27?
15
(-42 + 112 - 109) + -66 + -2
-107
What is the value of -58 + -78 + -10 - -54?
-92
Evaluate 13 + (-11 - 12) + 0 + -12.
-22
Calculate 92 + (21 - 48 - 23).
42
What is the value of -185 + 183 + (0 + 1 - -2) + 8 - 5?
4
What is the value of -77 - (-2 + -43 + 14)?
-46
What is the value of -74 - (54 + -41 + -125)?
38
What is (15 + -14 - 38) + 24 + 32?
19
What is (18 - -2) + (53 - 68) + 4?
9
Evaluate 3 + 30 - -1 - (-42 - (-73 + 37)).
40
-18 + (8 + -22 - -25) + -14
-21
What is -16 + 1 + (-37936 - -38090)?
139
Evaluate -11 + 20 + -11 + 1 + -13 + 75.
61
(20 - 3) + (125 - (57 + 67))
18
24 - ((-13 - -45) + 27 + -50)
15
Evaluate 22 + 0 - ((-10 - (-15 + 27)) + 12).
32
What is -26 + 0 + (14 - (-13 + 15)) + -49?
-63
Evaluate (-1 - -99) + -2 - (25 + -38) - (-1 - -15).
95
-67 + (-18 - (-378 - -385 - (30 - 1)))
-63
What is 26 + 34 + (-6 - 14) + -30?
10
-89 + (111 - -92 - 95)
19
What is the value of (-17 - -1) + (998 - 1009) - 4?
-31
Evaluate -9 - (-8 + 10 + -31) - 129.
-109
-3362 + 3411 - (-2 - 1)
52
What is (35 - 96) + 78 + 1 + -3?
15
Calculate (12 - 18) + -17 - (-4 + 4 + -15).
-8
What is the value of 26 + 6 - 29 - 15 - 28?
-40
What is the value of (58 - -47) + 26 + -23?
108
21 + -2 + (-35 - -8) + 13 - (1 - 51)
55
What is the value of -1 + -5 - (25 + 23 + -128 - -25)?
49
Calculate 0 + 10 + (4 + -21 - (-12 - 3)).
8
Evaluate 5 - ((0 - 0) + 0 + -7) - (-11 + 69).
-46
What is (7 - 117) + 98 + -76 - (-3 - -13)?
-98
Calculate 31 + (-3 - 11) + 17 - -3.
37
Evaluate 0 + (-16 - -20) + (7 - 6 - 1) + 8.
12
(-21 - 3) + (13 - (-28 - (-33 + -8)))
-24
Evaluate (11 - (-13 + 11 + 12) - 83) + 1 + 8.
-73
What is the value of -7 + 0 + (-26 - (9 - 40))?
-2
Evaluate 6 - (-1 + -9 + 18) - -31.
29
What is 41 + -25 + -41 + 9?
-16
What is the value of 0 + -20 + (-1246 - -1270)?
4
2 - (4 - (12 + -3 + 1 + -35))
-27
What is 4 + -5 + -1 + 1 + (5014 - 5033)?
-20
Evaluate (2 + 21 + -20 - -16) + -8.
11
Evaluate (8 - (8 + -4 - -7)) + -81 + 95.
11
What is the value of -78 + (-78 - 46) - -163?
-39
Evaluate 2639 - 2607 - (30 + -3).
5
Calculate -54 - (13 - (-66 - -32 - -39)).
-62
What is the value of -33 + 61 - (2 - 8 - -6 - 9)?
37
Calculate -1 + -56 + 1 - (80 - (152 + -66)).
-50
Calculate -1 + 3 + (-101 - -48) - (25 + -26).
-50
What is -39 + (50 - 23 - 38 - (2 - 12))?
-40
Evaluate -2 + 17 + -5 - (-9 - -54) - -2.
-33
Evaluate (30 + -33 - (-2 - 4) - (8 - 9)) + -36.
-32
What is the value of 43 + -37 + -144 + 147 + (0 - (1 + -19))?
27
What is the value of -27 + 30 + 20 + -40?
-17
What is the value of 17 - (-121 + (17 - 2 - (203 - 210)))?
116
What is -13 + -54 + (-4 - (22 - 42))?
-51
What is the value of 59 - ((10 - 5) + 4 + -3 + 1 + 0)?
52
Evaluate 29 + (-28 - -24) + -3 - -20.
42
What is -6 - (-42 - (5 + 0 + (6 - (31 + -30))))?
46
What is 3 + 5 + -12 - -6 - (45 - 115)?
72
What is -13 - -1 - (-48 + -16 + 63)?
-11
What is -52 - (-10 + (13 - (-4 - -6)) + -12 + 5)?
-46
Calculate -1564 - -1548 - (-82 + -3).
69
6 + (-6 - -2 - 16 - -1)
-13
Evaluate (-694 - -679) + -2 + 0 + 7 + 13.
3
Calculate 3 + 24 + (47 - 3 - 56).
15
What is -9 - (1 + 7 + -10 - (-12 - -29))?
10
Calculate -31 - (25 - 20 - 4) - (0 + -3).
-29
-32 + 8 + (-4 - 1) + (0 - (13 - 20))
-22
Evaluate -2 + ((-5 - -4) + -6 - -23).
14
Calculate 3 - 34 - (17 - (4 - -10)) - -9.
-25
45 - (-58 - (23 + -91))
35
What is the value of 78 - ((8 - -61) + 6)?
3
What is (17 - ((-22 - (-40 + 17)) + -6)) + -124?
-102
What is (-45 - -32) + 1 + 4 + 65 - 10?
47
What is the value of -64 + (6 - -6 - -36) + -4?
-20
What is the value of (-17 - -13) + 4 + -59 + 5 + (9 - 5)?
-50
Evaluate 681 + -670 - (-5 - (4 + 56)).
76
Calculate 3 + (-50 - (-2 + 20)) - (3 + 0 - 8).
-60
What is -8 + 41 - (-6 + (13 - 16) - (4 - 1))?
45
Calculate (-75 - (1 - -11)) + 25 - -28.
-34
Evaluate -44 - (16 - (234 + -121)).
53
Evaluate (-73 - 16) + 48 + -51.
-92
Calculate (137 - 137) + (-43 - 0).
-43
Calculate (-33 + 74 - -24) + 36.
101
14 + 11 + -9 + 11 + -15 + -52
-40
What is (1 - -51) + -2922 + 2882?
12
What is the value of 0 + 6 + -2 - (7 + -32 - -7)?
22
0 + -115 + 15950 + -15797
38
Calculate 0 + -2 + (-16 + 5 + 15 - 43) - 7.
-48
Evaluate -40 - (0 + 4 - 3 - ((8 - 46) + 28)).
-51
What is the value of -236 + 124 + 195 + 3?
86
Evaluate -203 + (130 - (-45 - -47)).
-75
Evaluate (63 - (23 - -4)) + -20 + (-17 - 0).
-1
-19 - (-337 + 323 - (-10 - 0)) - (0 + 1)
-16
What is the value of -16368 + 16373 + (-1 - -23) + 1?
28
Evaluate -48 - (-68 - (-63 - -38) - -83).
-88
Calculate -17 + -3 + 15 + 32 + -75.
-48
What is the value of -116 - (-139 - -52) - (3 + 17)?
-49
What is -14 + 0 - (2 + -2) - (-49 + 91 + -45)?
-11
10 - (-34 + 3 + -10) - -39
90
Evaluate 12 - -20 - (40 + -23) - 13.
2
-1 + -23 + 14 + 2 - -1 - -22
15
What i